37
Suppose -58*b + 51*b = -10465. Suppose 18*z + b = 23*z. List the prime factors of z.
13, 23
Let s be (6/3 - 1)*-905. Let c = s - -1373. Suppose 8*j = 348 + c. List the prime factors of j.
2, 3, 17
Let g(b) = 2*b**2 + 28*b - 4652. What are the prime factors of g(121)?
2, 14009
What are the prime factors of (-12035)/(-6 - -1) - (-13 + 5)?
3, 5, 7, 23
Let y(m) = -2*m**3 - 19*m**2 - 9*m + 5. Let h be y(-9). Suppose -5*j + 185 = 2*c, c - h*j - 87 = -17. What are the prime factors of c?
5, 17
Suppose 3*b - 41 = 79. Let o = -41 + b. What are the prime factors of (-2)/6*3*(o - 53)?
2, 3
Suppose 40460 = -9*t + 362441 - 61206. List the prime factors of t.
5, 19, 61
Let u(m) = -19*m + 236. List the prime factors of u(-13).
3, 7, 23
Let f = 362 + -365. What are the prime factors of 28/(-154) - (f - (-4380)/(-11))?
401
Suppose 0*b + 6*b - 149526 = -20*b. List the prime factors of b.
3, 71
Let f = 25 + -21. Suppose 4*q = 20, 5*i - 16 - 24 = -f*q. What are the prime factors of (-221)/26*(-2 + i)*-1?
17
List the prime factors of (-2)/12 - (87367/(-42) - -7).
3, 691
Let k(c) be the third derivative of -c**6/120 - 3*c**5/20 + 29*c**4/24 - 4*c**3/3 + 3*c**2 + 1. What are the prime factors of k(-14)?
2, 283
Let m = -6905 + 7536. What are the prime factors of m?
631
Suppose 79*s - 10 = 74*s. Suppose -3*t + 15 = 0, 0 = -s*y - y + 2*t + 1355. List the prime factors of y.
5, 7, 13
Suppose 4 = -2*o, 0 = 4*h + 3*o + 5 + 9. Let a be 19 + -3 + (0 - h) + 2. Suppose -t + 65 = a. List the prime factors of t.
3, 5
Let a = -5527 - -20921. List the prime factors of a.
2, 43, 179
Let o be 2751/63 - (0 + (-4)/(-6)). Let q = 43 - o. Suppose -3*i - 5*s + 686 = q, -s - 311 = -i - 93. List the prime factors of i.
2, 3, 37
Let g = 157 - 38. Suppose -g - 141 = -m. Let a = -131 + m. What are the prime factors of a?
3, 43
Let c be ((-12)/8)/((-3)/6). Let v be (0 - 4 - -152)*c/4. Let g = v - 42. List the prime factors of g.
3, 23
Let a(k) be the first derivative of 5*k**4/6 + k**3/6 + k**2/2 + 6*k + 23. Let q(y) be the first derivative of a(y). What are the prime factors of q(-1)?
2, 5
Let b = 334 + -134. Let u = b - -372. List the prime factors of u.
2, 11, 13
List the prime factors of -7 + (10068 - 7 - 0).
2, 11, 457
Suppose -344012 + 1302778 = 34*b. List the prime factors of b.
163, 173
Let w be 6/((4 - 21/6)*-3). Suppose 1148 = -5*v - 2*z, 2*v - z + 921 = -2*v. What are the prime factors of (2/w + 0)*v?
5, 23
Let d = 2382 - 3368. Let o = d - -1553. List the prime factors of o.
3, 7
Let f be -3 + 28/12 - 186/(-9). Suppose -5*h + f = 5. Suppose t = 1, 9*y - 7*y + h*t = 185. What are the prime factors of y?
7, 13
Suppose 3*p - 21 = -36. Let s(k) = -k**2 - 6*k - 7. Let d be s(p). List the prime factors of ((-32)/6)/(1/39*d).
2, 13
Let z(n) = -6*n**2 + 59*n + 29. Let f(t) = 2*t**2 - 20*t - 10. Let s(w) = -17*f(w) - 6*z(w). List the prime factors of s(14).
2, 3
Let a(x) = 2*x**3 + 6*x**2 - 6*x. Let h be a(6). List the prime factors of (-3)/(-5 - (6112/h)/(-2)).
3, 17
Let z(s) = -s**3 - 13*s**2 + 11*s - 1. Let k be z(-13). Let q = k + 45. Let d = q - -149. List the prime factors of d.
2, 5
List the prime factors of (-85402)/(3 - 1 - 0)*(6 + -7).
42701
Let i be (14/(-8))/(-3*(-8)/192). Let d(y) = 4*y**2 + 13*y + 248. List the prime factors of d(i).
2, 5, 17
Let k(d) = d**2 - 4*d + 38. Let n be (-6)/(-4)*(-368)/24. What are the prime factors of k(n)?
659
Suppose 3895 = 10*x + 1365. Suppose -3*g + 21*h = 22*h - x, 0 = -g + 4*h + 80. What are the prime factors of g?
2, 3, 7
Let q(x) = 33*x - 158. Let p be q(-10). List the prime factors of (-60)/(6 + p/80).
2, 3, 5
Let v(h) = 5*h - 30. Let d(x) = 2*x**3 + 43*x**2 - 22*x + 12. Let m be d(-22). List the prime factors of v(m).
2, 3, 5
Let m(w) = w**2 - 2*w + 28. Let k be (-200)/34 - 10/85. Let s be m(k). Let d = 90 - s. What are the prime factors of d?
2, 7
Suppose -4*j = -2*j - 4*j. Let v(c) = -c + j*c - 2 + 4*c. List the prime factors of v(5).
13
Let t = -1604 + 21610. List the prime factors of t.
2, 7, 1429
Suppose -30 = -h - 4*t, -5*h + 116 = 5*t + 11. Suppose -a + 14 = -4*r, 4*a + 4*r + h = 3*a. What are the prime factors of 1/(-2) - (135/a + 2)?
5, 13
Let i be 14 - (0 + (-1 - -1))/(-1). List the prime factors of 480 + i/7 + (-6)/(-2).
5, 97
Let h = 115 + -119. Suppose 7 = y - 1. List the prime factors of (-6)/12 + h/(y/(-69)).
2, 17
Suppose -243 + 48 = 5*y. Let o = y + 46. List the prime factors of ((-2)/o)/((-2)/518).
2, 37
Suppose j - 49 = 3*b - 7*b, -4*b - 96 = -4*j. Let x = j - 19. Suppose x*u - 378 = 7*u. List the prime factors of u.
2, 3, 7
Let t(d) = 39*d - 568. Let a be t(15). Let w = 1 + 5. Suppose -3*h = -g - a, -6 = -w*h + 2*h - 2*g. List the prime factors of h.
2
Suppose 0 = -q - 7*d + 54864, 219481 = 18*q - 14*q + 3*d. List the prime factors of q.
37, 1483
Let h(v) = 29*v**2 + 13*v + 409. List the prime factors of h(-24).
53, 317
Suppose -1222 = -6*l + 2456. Let c = l - 372. List the prime factors of c.
241
Suppose 0 = -36*p + 32*p - 5*d + 22597, 3*p - 4*d = 16940. List the prime factors of p.
2, 353
What are the prime factors of ((-2)/(-4))/((4/(-3967))/4)*-2?
3967
Suppose 76*b - 11445 = 69*b. Let u = -1020 + b. What are the prime factors of u?
3, 5, 41
What are the prime factors of (557 - 3) + -20 + 589/19?
5, 113
Let d(n) = -n**2 + 39*n + 79. Let x be d(41). Let p(f) = 124*f**2 + 15*f + 17. What are the prime factors of p(x)?
2, 17
Let k be (2/((-8)/4))/(2/8). What are the prime factors of (-31)/(k/(-18) - (-25)/(-72))?
2, 31
Suppose -6*z + z - 3*i + 24004 = 0, -14404 = -3*z - i. List the prime factors of z.
2, 7
Suppose -31030 - 461978 = -16*m. List the prime factors of m.
3, 10271
Let q(r) = -r**2 - 3*r - 2. Let y be q(-2). Suppose y - 2 = t. What are the prime factors of (1/t)/(1/(-34))?
17
Suppose 5*m - 45*m = -3320. Suppose 63*t - m*t = -7560. What are the prime factors of t?
2, 3, 7
Suppose 16 = -5*i + 3*i. Let s(k) = 3*k + 15. Let a be s(i). What are the prime factors of 21 + (4 - 3) - (-6 - a)?
19
Let l be (-4290)/(-44)*(-52)/(-5). Let a = l + -346. List the prime factors of a.
2, 167
Let c(d) = 41*d**2 + 6*d + 6. Let p be c(-5). Suppose -3*j - 8*a = -11*a - 2931, -j = 5*a - p. List the prime factors of j.
3, 109
Suppose 4*p + 2*i - 231768 = 0, -3*p + 173805 = 37*i - 39*i. What are the prime factors of p?
3, 7, 31, 89
Let v = 12603 - 273. List the prime factors of v.
2, 3, 5, 137
Let h(n) = 0*n**2 - n**3 - 5*n**2 - 18*n - 10*n**2 - 14. Let y be h(-15). Let a = y - 149. What are the prime factors of a?
107
Let s = 33 + -31. Suppose -36 = s*n + 164. What are the prime factors of (n/6)/((-4)/6)?
5
Let n = -167 + 387. Let b be (282/12)/((-20)/24)*5. Let h = b + n. List the prime factors of h.
79
Suppose -5*o + 55213 = 4*c, 0 = 5*c + 39*o - 34*o - 69015. List the prime factors of c.
2, 67, 103
Suppose -4*l + 51839 = -5*j, 4*l - 10827 = j + 41016. List the prime factors of l.
13, 997
Let q(w) = -13*w + 171 + 80 + 13 + 36. What are the prime factors of q(0)?
2, 3, 5
Let w = 1900 + -1137. Let x = w - 38. What are the prime factors of x?
5, 29
Let o be -27*13 + -6 + 4. Let k = 802 + o. List the prime factors of k.
449
Let u = 51 - 49. Suppose 5*w = 2*s - 508, -s = -4*w + 2*s - 405. List the prime factors of (80/(-48))/(u/w).
5, 17
Let i be 2289*1 + (-22 + 9 - -12). Suppose -8*r = 5*r - i. What are the prime factors of r?
2, 11
Suppose 66*s - 70*s + 200 = 0. Let h = 55 - s. Suppose 0 = -4*o + h*p + 236, 0*p - 4*p - 70 = -o. What are the prime factors of o?
2, 3
Let p = 15081 + -6585. What are the prime factors of p?
2, 3, 59
Suppose -m + 2 = 2*w + 14, 3*m = -w - 26. Let q be -1 + 1 - (14 + m). List the prime factors of q/(4 - 930/231).
3, 7, 11
Suppose g + 3 = -3*c + c, 4*g + 2*c + 18 = 0. List the prime factors of (135/(-18))/g + (-1974)/(-4).
3, 5, 11
Suppose 5*p + 252 = -3*m, -5*p + 68 = -3*m + 326. Let a = p + 51. Suppose a = 3*n - 7*n + 232. List the prime factors of n.
2, 29
Let r = 46 + -43. Suppose 156 = -q + 4*q + 3*f, r*f = -q + 56. What are the prime factors of 3/5 + 1170/q?
2, 3
Let l be -1*(72/3)/(-6). Suppose -3*g + 833 = -x, 0*g - 3*x + 1115 = l*g. List the prime factors of g.
2, 139
List the prime factors of (20098/(-39))/((24/270)/(-2)).
3, 5, 773
Let v be ((-1584)/(-448) - (-4)/(-14))*4. Suppose -v*w + 